{"id":19960,"date":"2022-08-15T21:20:50","date_gmt":"2022-08-16T00:20:50","guid":{"rendered":"https:\/\/www.appoloviracel.com.uy\/?post_type=product&#038;p=19960"},"modified":"2022-09-10T19:15:49","modified_gmt":"2022-09-10T22:15:49","slug":"tablet-alcatel-tkee-mini-2021-7-pulgadas-32gb-1gb","status":"publish","type":"product","link":"https:\/\/www.appoloviracel.com.uy\/index.php\/product\/tablet-alcatel-tkee-mini-2021-7-pulgadas-32gb-1gb\/","title":{"rendered":"Tablet Alcatel \u00abTKEE Mini 2021\u00bb 7 pulgadas (32Gb-1Gb)"},"content":{"rendered":"<h2>Caracter\u00edsticas y especificaciones:<\/h2>\n<p>Alcatel presenta una tablet barata dirigida espec\u00edficamente a los ni\u00f1os: <strong>la Alcatel Tkee Mini ofrece una pantalla no demasiado grande<\/strong>, dise\u00f1o atractivo y dispone de funda protectora para que los padres ofrezcan a sus hijos un dispositivo adaptado espec\u00edficamente a sus usos.<\/p>\n<p>Las tablets para ni\u00f1os son un segmento de producto con bastante tir\u00f3n ya que son muchos los padres que <strong>inician a sus hijos en la tecnolog\u00eda aprovechando las caracter\u00edsticas de una tablet<\/strong>. Y nada como disponer de un modelo creado espec\u00edficamente para dicho uso: la Alcatel Tkee Mini dispone de software adaptado a las necesidades infantiles, ofrece controles parentales y hasta incluye una funda que aguanta el trote de los m\u00e1s peque\u00f1os. Y tambi\u00e9n es accesible, igual que sus prestaciones de hardware.<\/p>\n<ul>\n<li>Pantalla: LCD IPS de 7 pulgadas; 1.024 * 600 p\u00edxeles<\/li>\n<li>Procesador: MediaTek MT8167D<\/li>\n<li>Memoria RAM: 1Gb<\/li>\n<li>Almacenamiento: 32Gb<\/li>\n<li>Micro SD de hasta 128 GB<\/li>\n<li>C\u00e1mara frontal: 2 megap\u00edxeles, f\/2.4<\/li>\n<li>C\u00e1maras traseras: 2 megap\u00edxeles, f\/2.4<\/li>\n<li>Bater\u00eda: 2.580 mAh; Carga: 5 W<\/li>\n<li>Sistema operativo: Android 9; Kurio (capa personalizada adaptada a los ni\u00f1os)<\/li>\n<li>Conectividad: WiFi 2,4 GHz; Bluetooth 4.2; Micro USB<\/li>\n<li>Dimensiones: 176 * 126,1 * 11,9 mm<\/li>\n<li>Peso: 440 gramos<\/li>\n<li>Otros: Funda protectora<\/li>\n<li>Se incluyen los siguientes accesorios: <strong>Cargador y Manual <\/strong><\/li>\n<li><strong>Garant\u00eda:<\/strong> 12 meses contra defecto de fabricaci\u00f3n<\/li>\n<\/ul>\n<h4><strong>\u00a0<\/strong><\/h4>\n<h4><span style=\"color: #ff0000;\"><strong>Contado efectivo: 10% de Descuento<\/strong><\/span><\/h4>\n<h5><strong>*Las im\u00e1genes son a modo ilustrativo.<\/strong><\/h5>\n","protected":false},"excerpt":{"rendered":"<h3><span style=\"color: #339966;\"><strong>U$S 135<\/strong><\/span><\/h3>\n","protected":false},"featured_media":19961,"comment_status":"open","ping_status":"closed","template":"","meta":[],"_links":{"self":[{"href":"https:\/\/www.appoloviracel.com.uy\/index.php\/wp-json\/wp\/v2\/product\/19960"}],"collection":[{"href":"https:\/\/www.appoloviracel.com.uy\/index.php\/wp-json\/wp\/v2\/product"}],"about":[{"href":"https:\/\/www.appoloviracel.com.uy\/index.php\/wp-json\/wp\/v2\/types\/product"}],"replies":[{"embeddable":true,"href":"https:\/\/www.appoloviracel.com.uy\/index.php\/wp-json\/wp\/v2\/comments?post=19960"}],"wp:featuredmedia":[{"embeddable":true,"href":"https:\/\/www.appoloviracel.com.uy\/index.php\/wp-json\/wp\/v2\/media\/19961"}],"wp:attachment":[{"href":"https:\/\/www.appoloviracel.com.uy\/index.php\/wp-json\/wp\/v2\/media?parent=19960"}],"curies":[{"name":"wp","href":"https:\/\/api.w.org\/{rel}","templated":true}]}}