{"id":1535,"date":"2020-11-12T19:36:43","date_gmt":"2020-11-12T22:36:43","guid":{"rendered":"https:\/\/www.appoloviracel.com.uy\/?post_type=product&#038;p=1535"},"modified":"2021-04-25T21:10:16","modified_gmt":"2021-04-26T00:10:16","slug":"cargador-roca-inalambrico-de-5w-c-soporte-vehicular-magnetico-para-ventilacion-sv05i","status":"publish","type":"product","link":"https:\/\/www.appoloviracel.com.uy\/index.php\/product\/cargador-roca-inalambrico-de-5w-c-soporte-vehicular-magnetico-para-ventilacion-sv05i\/","title":{"rendered":"Cargador ROCA \u00abSV05i\u00bb Inal\u00e1mbrico con Soporte Vehicular Magn\u00e9tico para Ventilaci\u00f3n (5w)"},"content":{"rendered":"<h4>Caracter\u00edsticas y especificaciones:<\/h4>\n<ul>\n<li><strong>Entrada: <\/strong>5V\/2.0A<\/li>\n<li><strong>Salida: <\/strong>5w<\/li>\n<li><strong>Color: <\/strong>Negro<\/li>\n<\/ul>\n<p><strong>Protecci\u00f3n contra:\u00a0\u00a0 <\/strong><\/p>\n<ul>\n<li>Corto circuito<\/li>\n<li>Sobre carga<\/li>\n<li>Sobre descarga<\/li>\n<li>Sobrecalentamiento<\/li>\n<\/ul>\n<p><strong>Recomendaciones:<\/strong><\/p>\n<ul>\n<li><strong>Desconectar despu\u00e9s de su uso<\/strong><\/li>\n<li><strong>Usar en lugares secos<\/strong><\/li>\n<\/ul>\n<p>&nbsp;<\/p>\n<h5><strong>*Las im\u00e1genes son a modo ilustrativo.<\/strong><\/h5>\n","protected":false},"excerpt":{"rendered":"<h3><span style=\"color: #339966;\">$ 490<\/span><\/h3>\n","protected":false},"featured_media":1536,"comment_status":"open","ping_status":"closed","template":"","meta":[],"_links":{"self":[{"href":"https:\/\/www.appoloviracel.com.uy\/index.php\/wp-json\/wp\/v2\/product\/1535"}],"collection":[{"href":"https:\/\/www.appoloviracel.com.uy\/index.php\/wp-json\/wp\/v2\/product"}],"about":[{"href":"https:\/\/www.appoloviracel.com.uy\/index.php\/wp-json\/wp\/v2\/types\/product"}],"replies":[{"embeddable":true,"href":"https:\/\/www.appoloviracel.com.uy\/index.php\/wp-json\/wp\/v2\/comments?post=1535"}],"wp:featuredmedia":[{"embeddable":true,"href":"https:\/\/www.appoloviracel.com.uy\/index.php\/wp-json\/wp\/v2\/media\/1536"}],"wp:attachment":[{"href":"https:\/\/www.appoloviracel.com.uy\/index.php\/wp-json\/wp\/v2\/media?parent=1535"}],"curies":[{"name":"wp","href":"https:\/\/api.w.org\/{rel}","templated":true}]}}