{"id":14407,"date":"2022-05-02T19:34:20","date_gmt":"2022-05-02T22:34:20","guid":{"rendered":"https:\/\/www.appoloviracel.com.uy\/?post_type=product&#038;p=14407"},"modified":"2023-02-16T10:41:33","modified_gmt":"2023-02-16T13:41:33","slug":"celular-samsung-galaxy-a03core-32gb-2gb","status":"publish","type":"product","link":"https:\/\/www.appoloviracel.com.uy\/index.php\/product\/celular-samsung-galaxy-a03core-32gb-2gb\/","title":{"rendered":"Celular Samsung \u00abGalaxy A03Core\u00bb (32Gb-2Gb)"},"content":{"rendered":"<h4><strong>Caracter\u00edsticas y especificaciones<\/strong><\/h4>\n<p>Llega el nuevo Samsung Galaxy A03 Core haciendo honor a su apellido, pues los Core han sido hist\u00f3ricamente los modelos m\u00e1s modestos en potencia del cat\u00e1logo de los coreanos. En esta ocasi\u00f3n, Samsung ni tan siquiera indica de qu\u00e9 chip estamos hablando. S\u00f3lo indica que es <strong>un octa core que corre a 1,6GHz<\/strong>, lo que parece apuntar hacia un chip Unisoc, pero esto es s\u00f3lo una suposici\u00f3n.<\/p>\n<p>El tel\u00e9fono cuenta con memorias modestas, 2GB en la RAM y 32GB en el espacio interno, aunque disponemos de una microSD para ampliar el total disponible. Eso s\u00ed, no sabemos qu\u00e9 capacidad m\u00e1xima podremos a\u00f1adir. Para la bater\u00eda, Samsung opta por una <strong>pila interna de 5.000 mAh<\/strong> con velocidad de carga desconocida, pero s\u00f3lo con la capacidad ya podemos anticipar una autonom\u00eda m\u00e1s que interesante.<\/p>\n<p>El tel\u00e9fono tiene una \u00fanica <strong>c\u00e1mara trasera de 8 megap\u00edxeles y una frontal de 5 megap\u00edxeles<\/strong>, situada sobre el notch que corona una pantalla de 6,5 pulgadas HD+. Samsung confirma que tenemos doble SIM 4G para el tel\u00e9fono y que las medidas son de 164,2 x 75,9 x 9,1 mil\u00edmetros, y el tel\u00e9fono no cuenta con lector de huellas. Ni trasero, ni lateral ni bajo la pantalla.<\/p>\n<ul>\n<li>Pantalla: 6,5 pulgadas; Resoluci\u00f3n HD+; Notch superior<\/li>\n<li>Procesador: Ocho n\u00facleos a 1,6GHz<\/li>\n<li>Versiones: 2GB\/32GB; MicroSD<\/li>\n<li>C\u00e1maras traseras: Principal: 8 megap\u00edxeles f\/2.0<\/li>\n<li>C\u00e1mara frontal: Principal: 2 megap\u00edxeles f\/2.2<\/li>\n<li>Bater\u00eda: 5.000 mAh<\/li>\n<li>Sistema: Android 11; One UI<\/li>\n<li>Conectividad: 4G Dual; WiFi; Bluetooth; GPS; USB tipo C<\/li>\n<li>Dimensiones: 164,2 * 75,9 * 9,1 mil\u00edmetros<\/li>\n<li><strong>S<\/strong>e incluyen los siguientes accesorios: <strong>Cargador y Manual <\/strong><\/li>\n<li><strong>Garant\u00eda:<\/strong> 12 meses contra defecto de fabricaci\u00f3n<\/li>\n<\/ul>\n<h4><\/h4>\n<h4><span style=\"color: #ff0000;\"><strong>Contado efectivo: 10% de Descuento<\/strong><\/span><\/h4>\n<h5><strong>*Las im\u00e1genes son a modo ilustrativo.<\/strong><\/h5>\n","protected":false},"excerpt":{"rendered":"<h3><span style=\"color: #339966;\"><strong>U$S 159<\/strong><\/span><\/h3>\n","protected":false},"featured_media":14408,"comment_status":"open","ping_status":"closed","template":"","meta":[],"_links":{"self":[{"href":"https:\/\/www.appoloviracel.com.uy\/index.php\/wp-json\/wp\/v2\/product\/14407"}],"collection":[{"href":"https:\/\/www.appoloviracel.com.uy\/index.php\/wp-json\/wp\/v2\/product"}],"about":[{"href":"https:\/\/www.appoloviracel.com.uy\/index.php\/wp-json\/wp\/v2\/types\/product"}],"replies":[{"embeddable":true,"href":"https:\/\/www.appoloviracel.com.uy\/index.php\/wp-json\/wp\/v2\/comments?post=14407"}],"wp:featuredmedia":[{"embeddable":true,"href":"https:\/\/www.appoloviracel.com.uy\/index.php\/wp-json\/wp\/v2\/media\/14408"}],"wp:attachment":[{"href":"https:\/\/www.appoloviracel.com.uy\/index.php\/wp-json\/wp\/v2\/media?parent=14407"}],"curies":[{"name":"wp","href":"https:\/\/api.w.org\/{rel}","templated":true}]}}