{"id":13405,"date":"2022-04-14T23:40:43","date_gmt":"2022-04-15T02:40:43","guid":{"rendered":"https:\/\/www.appoloviracel.com.uy\/?post_type=product&#038;p=13405"},"modified":"2023-01-08T22:47:51","modified_gmt":"2023-01-09T01:47:51","slug":"celular-samsung-galaxy-s21-256gb-8gb","status":"publish","type":"product","link":"https:\/\/www.appoloviracel.com.uy\/index.php\/product\/celular-samsung-galaxy-s21-256gb-8gb\/","title":{"rendered":"Celular Samsung \u00abGalaxy s21\u00bb (256Gb-8Gb)"},"content":{"rendered":"<h4>Caracter\u00edsticas y especificaciones:<\/h4>\n<h6>Descripci\u00f3n Samsung Smartphone Galaxy S21 5G 8GB\/256GB 6.2\u00b4\u00b4<\/h6>\n<p>Hecho para lo \u00e9pico de todos los d\u00edas<br \/>\nNo vuelvas a perder esa foto perfecta. Conoce los Galaxy S21 5G y S21 + 5G. Dise\u00f1ado para revolucionar el video y la fotograf\u00eda, con una resoluci\u00f3n m\u00e1s all\u00e1 de la cinematogr\u00e1fica 8K para que pueda tomar fotos \u00e9picas directamente del video. Lo tiene todo en dos tama\u00f1os: 64MP, nuestro chip m\u00e1s r\u00e1pido y una bater\u00eda enorme. Las cosas se pusieron \u00e9picas.<\/p>\n<p>Protecci\u00f3n revolucionaria<br \/>\nCreado para esos momentos de \u00b4\u00b4oh no! \u00b4\u00b4, Gorilla Glass Victus \u2122 ofrece una resistencia a los ara\u00f1azos y da\u00f1os que lo convierte en el m\u00e1s resistente en un tel\u00e9fono inteligente Galaxy.<\/p>\n<p>Toma fotos \u00e9picas en cada video de 8K<br \/>\nEl video 8K tiene la resoluci\u00f3n m\u00e1s alta en un tel\u00e9fono inteligente Galaxy, lo que hace que sus im\u00e1genes se vean incluso mejor que en el cine. Y con 8K 24 fps, cada vlog y cada recuerdo es tu pr\u00f3xima oportunidad al estrellato. Grabe, cargue y mire directamente en YouTube.<\/p>\n<p>Lleno de acci\u00f3n y s\u00faper suave<br \/>\nSuper Steady pide acci\u00f3n. Ahora que hemos combinado la estabilizaci\u00f3n de IA con la captura de 60 fps, tus aventuras pueden volverse un poco m\u00e1s aventureras, ya que tu tel\u00e9fono dispara como una c\u00e1mara de acci\u00f3n.<\/p>\n<p>El video s\u00faper suave a 60 fps te permite revivir el momento sin perder el ritmo. Su velocidad de fotogramas din\u00e1mica se ajusta autom\u00e1ticamente, por lo que graba videos s\u00faper suaves tanto con luz brillante como con poca luz.<\/p>\n<p>La noche es tuya:<br \/>\n\u00bfOdias ese desagradable flash? No hay problema. Ahora puedes iluminar la noche y capturarla de forma v\u00edvida, de noche o con poca luz y sin todos los extras.<\/p>\n<p>Di adi\u00f3s &#8216;demasiado lejos&#8217;:<br \/>\nLa calidad mejorada de la c\u00e1mara permite un zoom digital de 30x, lo que hace que parezca que los asientos de la fila trasera estaban lo suficientemente cerca como para tocar la banda. Zoom Lock estabiliza la toma cuando su mano se pone temblorosa.<\/p>\n<p>Pone tu mejor cara al frente:<br \/>\nEl modo Selfie est\u00e1 mejorado por IA para resaltar sus caracter\u00edsticas de manera realista y real.<br \/>\nLa c\u00e1mara frontal de 10 megap\u00edxeles incluye toneladas de detalles, mientras que el enfoque autom\u00e1tico r\u00e1pido asegura que obtengas f\u00e1cilmente tus mejores tomas.<\/p>\n<p>Conoce el chip m\u00e1s r\u00e1pido jam\u00e1s creado en Galaxy:<br \/>\nEl procesador de 5 nm es lo suficientemente r\u00e1pido para seguir el ritmo de la acci\u00f3n, por lo que puede hacer m\u00e1s a\u00fan m\u00e1s r\u00e1pido. Ahora no hay desaceleraci\u00f3n.<\/p>\n<p>Comparte solo lo que quieras:<br \/>\nGalaxy S21 5G y S21 + 5G ofrecen el m\u00e1s alto nivel de certificaci\u00f3n de seguridad, con Samsung Knox asegurando su tel\u00e9fono desde el chip y Knox Vault encriptando sus datos de autenticaci\u00f3n biom\u00e9trica. Y con un sensor de huellas dactilares ultras\u00f3nico m\u00e1s grande y de menor latencia, puede desbloquear a\u00fan m\u00e1s r\u00e1pido, incluso si tiene el dedo seco.<\/p>\n<p>HyperFast 5G te permite descargar una temporada completa de tu programa favorito en un instante. El conjunto de chips compatible con 5G ofrece velocidades m\u00e1s r\u00e1pidas para mantenerlo conectado mientras carga o descarga. Mientras que HyperFast Wi Fi lo conecta a todo lo que ama de manera r\u00e1pida y confiable.<\/p>\n<p>Motion Mirror se mantiene al d\u00eda con su entrenamiento, lo que le permite proyectar su tel\u00e9fono en su televisor, para que pueda seguir una rutina de ejercicios mientras se mira a s\u00ed mismo.<\/p>\n<p>Las aplicaciones que te encantan en tu PC:<br \/>\nHaga clic en el men\u00fa Inicio o en la barra de tareas y abra sus aplicaciones m\u00f3viles ancladas directamente en su PC con Windows 10. Despl\u00e1cese por los recuerdos, vea los feeds de las redes sociales y con\u00e9ctese con amigos. Todo en un abrir y cerrar de ojos cuando tienes las aplicaciones de tu tel\u00e9fono.<\/p>\n<p>Todo lo que necesitas para hacer que el d\u00eda a d\u00eda sea \u00e9pico:<br \/>\nComience 2021 sin luz. Est\u00e1 empaquetado exactamente con lo que necesita, y nada que abarrote sus cajones.<\/p>\n<p>Especificaciones:<\/p>\n<p>Mostrar:<br \/>\nDiagonal de la pantalla: 15,8 cm (6,2\u00b4\u00b4)<br \/>\nForma de la pantalla: plana<br \/>\nTipo de pantalla: Dynamic AMOLED 2X<br \/>\nResoluci\u00f3n de pantalla: 2400 * 1080 p\u00edxeles<br \/>\nN\u00famero de colores de la pantalla: 16 millones de colores<br \/>\nPantalla t\u00e1ctil: s\u00ed<br \/>\nFrecuencia de actualizaci\u00f3n m\u00e1xima: 120 Hz<br \/>\nCompatible con alto rango din\u00e1mico (HDR): S\u00ed<br \/>\nTecnolog\u00eda de alto rango din\u00e1mico (HDR): alto rango din\u00e1mico 10+ (HDR10 Plus)<br \/>\nTipo de pantalla t\u00e1ctil: capacitiva<br \/>\nDensidad de p\u00edxeles: 421 ppp<br \/>\nEsquinas de pantalla redondeadas: S\u00ed<\/p>\n<p>Procesador:<br \/>\nFrecuencia del procesador: 2,9 GHz<br \/>\nN\u00facleos de procesador: 8<\/p>\n<p>Almacenamiento:<br \/>\nMemoria de usuario: 110 GB<br \/>\nCapacidad RAM: 8 GB<br \/>\nTipo de RAM \u00e1ngulo: 76 \u00b0 LPDDR5<br \/>\nCapacidad de almacenamiento interno: 256 GB<br \/>\nTarjetas de memoria compatibles: no admitidas<br \/>\n\u00c1ngulo de almacenamiento masivo USB 76 \u00b0 S\u00ed<\/p>\n<p>C\u00e1mara:<br \/>\nResoluci\u00f3n de la c\u00e1mara trasera (num\u00e9rica): 12 MP<br \/>\nResoluci\u00f3n de la segunda c\u00e1mara trasera (num\u00e9rica): 12 MP<br \/>\nResoluci\u00f3n de la tercera c\u00e1mara trasera (num\u00e9rica): 64 MP<br \/>\nN\u00famero de apertura de la c\u00e1mara trasera: 2.2<br \/>\nN\u00famero de apertura de la segunda c\u00e1mara trasera: 1.8<br \/>\nN\u00famero de apertura de la tercera c\u00e1mara trasera: 2<br \/>\nTama\u00f1o de p\u00edxel de la c\u00e1mara trasera: 1,4 \u00b5m<br \/>\nTama\u00f1o de p\u00edxel de la segunda c\u00e1mara trasera: 1,8 \u00b5m<br \/>\nTama\u00f1o de p\u00edxel de la tercera c\u00e1mara trasera: 0,8 \u00b5m<br \/>\n\u00c1ngulo del campo de visi\u00f3n (FOV) de la c\u00e1mara trasera: 120 \u00b0<br \/>\n\u00c1ngulo del campo de visi\u00f3n (FOV) de la segunda c\u00e1mara trasera: 79 \u00b0<br \/>\n\u00c1ngulo del campo de visi\u00f3n (FOV) de la tercera c\u00e1mara trasera: 76 \u00b0<br \/>\nZoom \u00f3ptico: 3x<br \/>\nZoom digital: 30x<br \/>\nTipo de c\u00e1mara frontal: c\u00e1mara \u00fanica<br \/>\nResoluci\u00f3n de la c\u00e1mara frontal (num\u00e9rica): 10 MP<br \/>\nFlash de la c\u00e1mara trasera: S\u00ed<br \/>\nFlash de la c\u00e1mara frontal: No<br \/>\nResoluci\u00f3n de captura de video (m\u00e1x.): 7680 x 4320 p\u00edxeles<br \/>\nResoluci\u00f3n a velocidad de captura: 1280&#215;720 @ 30 fps, 1280&#215;720 @ 960fps, 1920&#215;1080 @ 240fps, 1920&#215;1080 @ 30fps, 1920&#215;1080 @ 60fps, 3840&#215;2160 @ 30fps, 3840&#215;2160 @ 60fps<br \/>\nModos de grabaci\u00f3n de video 720p, 1080p, 2160p<br \/>\nTipo de c\u00e1mara trasera: c\u00e1mara triple<br \/>\nEnfoque autom\u00e1tico: s\u00ed<br \/>\nEstabilizador de video: si<br \/>\nEstabilizador de imagen: si<br \/>\nGeoetiquetado: s\u00ed<br \/>\nDisparo m\u00faltiple: S\u00ed<br \/>\nTemporizador autom\u00e1tico: s\u00ed<br \/>\nModo noche: si<\/p>\n<p>La red:<br \/>\nCapacidad de la tarjeta SIM: Dual SIM<br \/>\nGeneraci\u00f3n de red m\u00f3vil: 5G<br \/>\nTipo de tarjeta SIM: NanoSIM + eSIM<br \/>\nEst\u00e1ndares 3G: HSDPA, HSPA +, HSUPA, UMTS<br \/>\nEst\u00e1ndar 4G: LTE<br \/>\nCompatible con voz sobre LTE (VoLTE): S\u00ed<br \/>\n5G: s\u00ed<br \/>\nWi Fi: si<br \/>\nEst\u00e1ndares de Wi Fi: 802.11a, 802.11b, 802.11g, Wi Fi 4 (802.11n), Wi Fi 5 (802.11ac), Wi Fi 6 (802.11ax)<br \/>\nBluetooth: si<br \/>\nVersi\u00f3n de Bluetooth: 5.0<\/p>\n<p>La red:<br \/>\nAnclaje a red (modo m\u00f3dem): S\u00ed<br \/>\nWi Fi Direct: S\u00ed<br \/>\nComunicaci\u00f3n de campo cercano (NFC): S\u00ed<\/p>\n<p>Suscripci\u00f3n:<br \/>\nTipo de suscripci\u00f3n: Sin suscripci\u00f3n<\/p>\n<p>Puertos e interfaces:<br \/>\nPuerto USB: si<br \/>\nTipo de conector USB: USB tipo C<br \/>\nVersi\u00f3n USB: 3.2 Gen 1 (3.1 Gen 1)<br \/>\nConectividad de auriculares: USB tipo C<\/p>\n<p>Mensajer\u00eda:<br \/>\nServicio de mensajes cortos (SMS): S\u00ed<br \/>\nServicio de mensajer\u00eda multimedia (MMS): S\u00ed<br \/>\nCorreo electr\u00f3nico: si<\/p>\n<p>Dise\u00f1o:<br \/>\nFactor de forma: barra<br \/>\nC\u00f3digo de protecci\u00f3n internacional (IP): IP68<br \/>\nFunciones de protecci\u00f3n: resistente al polvo, resistente al agua<\/p>\n<p>Rendimiento:<br \/>\nVideollamada: s\u00ed<br \/>\nCarga r\u00e1pida: si<br \/>\nLector de huellas dactilares: si<br \/>\nReconocimiento de iris: No<br \/>\nReconocimiento facial: si<br \/>\nAltavoz: si<br \/>\nSoporte USB On The Go: S\u00ed<br \/>\nAlerta vibratoria: si<\/p>\n<p>Navegaci\u00f3n:<br \/>\nGPS (sat\u00e9lite): S\u00ed<br \/>\nGLONASS: S\u00ed<br \/>\nBeiDou: S\u00ed<br \/>\nGalileo: si<br \/>\nUbicaci\u00f3n de la posici\u00f3n: S\u00ed<br \/>\nPosicionamiento Wi Fi: S\u00ed<\/p>\n<p>Multimedia:<br \/>\nAltavoces: est\u00e9reo<br \/>\nModos de video compatibles: 720p, 1080p, 2160p, 4320p<br \/>\nSistema de audio: Dolby Atmos<br \/>\nFormatos de audio compatibles: 3GA, AAC, AMR, APE, AWB, DFF, DSF, FLAC, IMY, M4A, Mid, MIDI, MP3, MXMF, OGA, OGG, OTA, RTTTL, RTX, WAV, WMA, XMF<br \/>\nFormatos de video compatibles: 3G2,3GP, ASF, AVI, FLV, M4V, MKV, MP4, WEBM, WMV<\/p>\n<p>Software:<br \/>\nPlataforma: Android<br \/>\nSistema operativo instalado: Android 11<br \/>\nPlataforma de distribuci\u00f3n de aplicaciones: Google Play<br \/>\nAplicaciones de Google: Google Maps, Google Play<br \/>\nAsistente virtual: Samsung Bixby<\/p>\n<p>Bater\u00eda:<br \/>\nCarga inal\u00e1mbrica: s\u00ed<br \/>\nCompartir energ\u00eda inal\u00e1mbrica: S\u00ed<br \/>\nCarga inal\u00e1mbrica r\u00e1pida: s\u00ed<br \/>\nBater\u00eda extra\u00edble: No<br \/>\nCapacidad de la bater\u00eda: 4000 mAh<\/p>\n<p>Sensores:<br \/>\nSensor de proximidad: si<br \/>\nAceler\u00f3metro: s\u00ed<br \/>\nSensor de luz ambiental: si<br \/>\nGiroscopio: s\u00ed<br \/>\nSensor de orientaci\u00f3n: s\u00ed<br \/>\nBar\u00f3metro: si<br \/>\nSensor geomagn\u00e9tico: s\u00ed<br \/>\nSensor de pasillo: s\u00ed<\/p>\n<p>Peso y dimensiones:<br \/>\nAncho: 75,8 mm<br \/>\nProfundidad: 7,9 mm<br \/>\nAltura: 151,7 mm<br \/>\nPeso: 171 g<\/p>\n<p>Certificados:<br \/>\nSAR en la cabeza (UE): 0,456 W \/ kg<br \/>\nSAR corporal (UE): 1,509 W \/ kg<\/p>\n<ul>\n<li>Se incluyen los siguientes accesorios: <strong>Cargador y Manual<\/strong><\/li>\n<li><strong>Garant\u00eda:<\/strong> 12 meses contra defecto de fabricaci\u00f3n<\/li>\n<\/ul>\n<h4><\/h4>\n<h4><span style=\"color: #ff0000;\"><strong>Contado efectivo: 10% de Descuento<\/strong><\/span><\/h4>\n<h5><strong>*Las im\u00e1genes son a modo ilustrativo.<\/strong><\/h5>\n","protected":false},"excerpt":{"rendered":"<h3><span style=\"color: #ff0000;\"><strong>\u00abArt\u00edculo Agotado\u00bb<\/strong><\/span><\/h3>\n","protected":false},"featured_media":13286,"comment_status":"open","ping_status":"closed","template":"","meta":[],"_links":{"self":[{"href":"https:\/\/www.appoloviracel.com.uy\/index.php\/wp-json\/wp\/v2\/product\/13405"}],"collection":[{"href":"https:\/\/www.appoloviracel.com.uy\/index.php\/wp-json\/wp\/v2\/product"}],"about":[{"href":"https:\/\/www.appoloviracel.com.uy\/index.php\/wp-json\/wp\/v2\/types\/product"}],"replies":[{"embeddable":true,"href":"https:\/\/www.appoloviracel.com.uy\/index.php\/wp-json\/wp\/v2\/comments?post=13405"}],"wp:featuredmedia":[{"embeddable":true,"href":"https:\/\/www.appoloviracel.com.uy\/index.php\/wp-json\/wp\/v2\/media\/13286"}],"wp:attachment":[{"href":"https:\/\/www.appoloviracel.com.uy\/index.php\/wp-json\/wp\/v2\/media?parent=13405"}],"curies":[{"name":"wp","href":"https:\/\/api.w.org\/{rel}","templated":true}]}}