{"id":1282,"date":"2020-11-07T15:34:27","date_gmt":"2020-11-07T18:34:27","guid":{"rendered":"https:\/\/www.appoloviracel.com.uy\/?post_type=product&#038;p=1282"},"modified":"2021-04-25T19:58:35","modified_gmt":"2021-04-25T22:58:35","slug":"cargador-avalon-cable-micro-usb-integrado-y-puerto-usb-libre-21-a","status":"publish","type":"product","link":"https:\/\/www.appoloviracel.com.uy\/index.php\/product\/cargador-avalon-cable-micro-usb-integrado-y-puerto-usb-libre-21-a\/","title":{"rendered":"Cargador AVALON \u00abA03\u00bb con cable, Micro USB integrado y puerto USB libre (2.1A)"},"content":{"rendered":"<h4>Caracter\u00edsticas y especificaciones:<\/h4>\n<ul>\n<li>El cargador Avalon tiene incorporado un chip inteligente, lo que administra la potencia requerida por el dispositivo, entregando la energ\u00eda necesaria para una carga optima en el menor tiempo posible.<\/li>\n<li><strong>Modelo:<\/strong> A03 con cable Micro USB integrado y puerto USB libre<\/li>\n<li><strong>Entrada:<\/strong> AC 110V-240V 50\/60HZ<\/li>\n<li><strong>Salida:<\/strong> DC 5V \/ 2.1A<\/li>\n<li><strong>Potencia:<\/strong> 10w<\/li>\n<li><strong>Cuenta con protecci\u00f3n de alta tensi\u00f3n y protecci\u00f3n contra corto circuitos.<\/strong><\/li>\n<\/ul>\n<h5><\/h5>\n<h5><strong>*Las im\u00e1genes son a modo ilustrativo.<\/strong><\/h5>\n","protected":false},"excerpt":{"rendered":"<h3><span style=\"color: #339966;\">$ 250<\/span><\/h3>\n","protected":false},"featured_media":1283,"comment_status":"open","ping_status":"closed","template":"","meta":[],"_links":{"self":[{"href":"https:\/\/www.appoloviracel.com.uy\/index.php\/wp-json\/wp\/v2\/product\/1282"}],"collection":[{"href":"https:\/\/www.appoloviracel.com.uy\/index.php\/wp-json\/wp\/v2\/product"}],"about":[{"href":"https:\/\/www.appoloviracel.com.uy\/index.php\/wp-json\/wp\/v2\/types\/product"}],"replies":[{"embeddable":true,"href":"https:\/\/www.appoloviracel.com.uy\/index.php\/wp-json\/wp\/v2\/comments?post=1282"}],"wp:featuredmedia":[{"embeddable":true,"href":"https:\/\/www.appoloviracel.com.uy\/index.php\/wp-json\/wp\/v2\/media\/1283"}],"wp:attachment":[{"href":"https:\/\/www.appoloviracel.com.uy\/index.php\/wp-json\/wp\/v2\/media?parent=1282"}],"curies":[{"name":"wp","href":"https:\/\/api.w.org\/{rel}","templated":true}]}}