{"id":11759,"date":"2022-03-10T22:47:41","date_gmt":"2022-03-11T01:47:41","guid":{"rendered":"https:\/\/www.appoloviracel.com.uy\/?post_type=product&#038;p=11759"},"modified":"2023-08-22T18:42:07","modified_gmt":"2023-08-22T21:42:07","slug":"teclado-mecanico-meetion-mk007-gaming-keyboard","status":"publish","type":"product","link":"https:\/\/www.appoloviracel.com.uy\/index.php\/product\/teclado-mecanico-meetion-mk007-gaming-keyboard\/","title":{"rendered":"Teclado Meetion \u00abMK007\u00bb Mec\u00e1nico Gaming Keyboard"},"content":{"rendered":"<h2>Caracter\u00edsticas y especificaciones:<\/h2>\n<ul>\n<li>El teclado MT-MK007, es un teclado gamer con un dise\u00f1o totalmente limpio est\u00e1 compuesto por 104 teclas todas equipadas con interruptores mec\u00e1nicos \u201cBLUE SWITCH\u201d OUTEMU, todas las teclas cuentan con iluminaci\u00f3n RGB y con Anti-Ghosting.<\/li>\n<li>Entre las funciones especiales, podemos destacar las 13 modalidades de colores que trae, junto a otras 7 pre-dise\u00f1adas para distintos videojuegos y otros 3 slots totalmente personalizables. Adem\u00e1s, tambi\u00e9n nos encontramos que cuenta con las ya t\u00edpicas teclas de funciones especiales como la regulaci\u00f3n de volumen, botones multimedia, entre otros.<\/li>\n<li>Tambi\u00e9n, tenemos la posibilidad de bloquear la tecla de Windows para que cuando estemos jugando no pasemos a minimizar la ventana que tengamos en frente.<\/li>\n<\/ul>\n<p>&nbsp;<\/p>\n<ul>\n<li><strong>\u25c6 Tecla de inyecci\u00f3n Lucency resistente al desgaste y alta transmisi\u00f3n de luz.<\/strong><\/li>\n<li><strong>\u25c6 Interruptor macromec\u00e1nico de alta calidad.<\/strong><\/li>\n<li><strong>\u25c6 Retroiluminaci\u00f3n LED de colores personalizable.<\/strong><\/li>\n<li><strong>\u25c6 Funci\u00f3n multimedia r\u00e1pida FN + combinaci\u00f3n.<\/strong><\/li>\n<li><strong>\u25c6 Chips de juegos de deportes electr\u00f3nicos de grado 64.<\/strong><\/li>\n<li><strong>\u25c6 Soluci\u00f3n SMT totalmente autom\u00e1tica de p\u00e1gina completa.<\/strong><\/li>\n<li><strong>\u25c6 Anti-efecto fantasma de clave completa.<\/strong><\/li>\n<\/ul>\n<p><strong>\u00a0<\/strong><\/p>\n<ul>\n<li><strong>Personaliza el efecto de iluminaci\u00f3n.<\/strong><\/li>\n<li><strong>Modo de juego FN+1 1 (FPS) A, S, D, W, \u2190\u2193\u2192\u2193Esc (Iluminado)<\/strong><\/li>\n<li><strong>Modo de juego FN+2 2 (CF) A, S, D, W, Ctrl, Shift, Alt, R, G, Q, E, B, 1~5, Tabulador, F1~F3, Inicio, Fin, ReP\u00e1g, AvP\u00e1g , PrtSc (Iluminado)<\/strong><\/li>\n<li><strong>Modo de juego FN+3 3 (COD) Q, W, E, R, T, A, S, D, F, G, C, V, 1~7, Ctrl, Shift (Iluminado)<\/strong><\/li>\n<li><strong>Modo de juego FN+4 4 (RTS) Q, W, E, R, A, S, D, G, X, Z, F, K, L, H, M, N, U, Y, T, P, 1 ~0, Ctrl, Shift, Alt (Iluminado)<\/strong><\/li>\n<li><strong>FN+5 modelo de juego 5(LOL) Q, W, E, R, D, G, F, B, V, Ctrl, Alt, Tab, 1~6, Esc (Iluminado)<\/strong><\/li>\n<li><strong>FN+6 modo de juego 6 (carrera de autos) A, S, D, W, R, \u2190\u2193\u2192\u2193Ctrl, Shift, Alt (Iluminado)<\/strong><\/li>\n<\/ul>\n<h5><\/h5>\n<h5><strong>*Las im\u00e1genes son a modo ilustrativo.<\/strong><\/h5>\n","protected":false},"excerpt":{"rendered":"<h3><span style=\"color: #339966;\"><strong>U$S 65<\/strong><\/span><\/h3>\n","protected":false},"featured_media":11760,"comment_status":"open","ping_status":"closed","template":"","meta":[],"_links":{"self":[{"href":"https:\/\/www.appoloviracel.com.uy\/index.php\/wp-json\/wp\/v2\/product\/11759"}],"collection":[{"href":"https:\/\/www.appoloviracel.com.uy\/index.php\/wp-json\/wp\/v2\/product"}],"about":[{"href":"https:\/\/www.appoloviracel.com.uy\/index.php\/wp-json\/wp\/v2\/types\/product"}],"replies":[{"embeddable":true,"href":"https:\/\/www.appoloviracel.com.uy\/index.php\/wp-json\/wp\/v2\/comments?post=11759"}],"wp:featuredmedia":[{"embeddable":true,"href":"https:\/\/www.appoloviracel.com.uy\/index.php\/wp-json\/wp\/v2\/media\/11760"}],"wp:attachment":[{"href":"https:\/\/www.appoloviracel.com.uy\/index.php\/wp-json\/wp\/v2\/media?parent=11759"}],"curies":[{"name":"wp","href":"https:\/\/api.w.org\/{rel}","templated":true}]}}