{"id":10531,"date":"2022-02-09T22:46:04","date_gmt":"2022-02-10T01:46:04","guid":{"rendered":"https:\/\/www.appoloviracel.com.uy\/?post_type=product&#038;p=10531"},"modified":"2022-08-11T10:33:28","modified_gmt":"2022-08-11T13:33:28","slug":"celular-xiaomi-redmi-9c-128gb-4gb","status":"publish","type":"product","link":"https:\/\/www.appoloviracel.com.uy\/index.php\/product\/celular-xiaomi-redmi-9c-128gb-4gb\/","title":{"rendered":"Celular Xiaomi \u00abRedmi 9c\u00bb (128Gb-4Gb)"},"content":{"rendered":"<h4>Caracter\u00edsticas y especificaciones:<strong>\u00a0<\/strong><\/h4>\n<p>Xiaomi Redmi 9C con un dise\u00f1o moderno y delicado, cuenta con procesador Octa-Core que te brindar\u00e1 un desempe\u00f1o \u00f3ptimo. Est\u00e1 equipado con una memoria RAM de 4GB, un almacenamiento interno de 128GB y Android 10 con MIUI 12. Podes sacar fotos sumamente incre\u00edbles con su triple c\u00e1mara trasera de 13MP + 2MP + 2MP y selfies perfectas con la c\u00e1mara frontal de 5MP.<\/p>\n<ul>\n<li><strong>Apto para LTE de todas las compa\u00f1\u00eda <\/strong><\/li>\n<li>Dual SIM; nano-SIM<\/li>\n<li>Redes: GSM; HSPA; LTE<\/li>\n<li>Pantalla: 6.53 pulgadas; 720 * 1600 pixels<\/li>\n<li>Sistema operativo: Android 10; MIUI 12<\/li>\n<li>Procesador: Mediatek Helio G35 2.3GHz<\/li>\n<li>Memoria RAM: 4 GB<\/li>\n<li>Memoria ROM: 128 GB*C\u00e1mara principal: Triple, 13MP+5MP+2MP; Video 1080p x 30fps<\/li>\n<li>C\u00e1mara frontal: 5 MP; Video 1080p * 30fps<\/li>\n<li>Conectividad: Wi-Fi 802.11 a\/b\/g\/n\/ac; Bluetooth 5.0<\/li>\n<li>Sensores: Aceler\u00f3metro; Proximidad; Luz ambiente; Giroscopio; Seguridad; Lector de huellas; Desbloqueo facial<\/li>\n<li>Radio: FM<\/li>\n<li>GPS con soporte A-GPS<\/li>\n<li>USB: microUSB 2.0, OTG<\/li>\n<li>Bater\u00eda: 5000 mAh<\/li>\n<li>Medidas: Ancho 7.7 cm * Alto 16.4 cm * Profundidad 0.9 cm<\/li>\n<li>Peso: 196 gramos<\/li>\n<li>Se incluyen los siguientes accesorios: <strong>Cargador y Manual<\/strong><\/li>\n<li><strong>Garant\u00eda:<\/strong> 12 meses contra defecto de fabricaci\u00f3n<strong>\u00a0\u00a0<\/strong><\/li>\n<\/ul>\n<h4><\/h4>\n<h4><span style=\"color: #ff0000;\"><strong>Contado efectivo: 10% de Descuento<\/strong><\/span><\/h4>\n<h5><strong>*Las im\u00e1genes son a modo ilustrativo.<\/strong><\/h5>\n","protected":false},"excerpt":{"rendered":"<h3><span style=\"color: #339966;\"><strong>U$S 220<\/strong><\/span><\/h3>\n","protected":false},"featured_media":10532,"comment_status":"open","ping_status":"closed","template":"","meta":[],"_links":{"self":[{"href":"https:\/\/www.appoloviracel.com.uy\/index.php\/wp-json\/wp\/v2\/product\/10531"}],"collection":[{"href":"https:\/\/www.appoloviracel.com.uy\/index.php\/wp-json\/wp\/v2\/product"}],"about":[{"href":"https:\/\/www.appoloviracel.com.uy\/index.php\/wp-json\/wp\/v2\/types\/product"}],"replies":[{"embeddable":true,"href":"https:\/\/www.appoloviracel.com.uy\/index.php\/wp-json\/wp\/v2\/comments?post=10531"}],"wp:featuredmedia":[{"embeddable":true,"href":"https:\/\/www.appoloviracel.com.uy\/index.php\/wp-json\/wp\/v2\/media\/10532"}],"wp:attachment":[{"href":"https:\/\/www.appoloviracel.com.uy\/index.php\/wp-json\/wp\/v2\/media?parent=10531"}],"curies":[{"name":"wp","href":"https:\/\/api.w.org\/{rel}","templated":true}]}}